{"id":1593,"date":"2020-11-11T09:11:04","date_gmt":"2020-11-11T09:11:04","guid":{"rendered":"https:\/\/www.elpastor.com\/tienda\/?post_type=product&#038;p=1593"},"modified":"2025-01-03T11:00:51","modified_gmt":"2025-01-03T11:00:51","slug":"pieza-queso-3kg-mezcla-curado-santtum","status":"publish","type":"product","link":"https:\/\/www.elpastor.com\/tienda\/producto\/pieza-queso-3kg-mezcla-curado-santtum\/","title":{"rendered":"PIEZA QUESO MEZCLA CURADO SANTTUM (3,2kg aproximado)"},"content":{"rendered":"<p>Ingredientes: LECHE pasteurizada de vaca (45% m\u00edn.), oveja (20% m\u00edn.), y cabra (20% m\u00edn.), sal, coagulante, secuestrante: cloruro c\u00e1lcico y FERMENTOS L\u00c1CTICOS. Origen de la leche: Espa\u00f1a.<\/p>\n<p>Caracter\u00edsticas: pasta blanca tirando a amarillenta. Olor suave. Textura compacta.<\/p>\n<p>&nbsp;<\/p>\n","protected":false},"excerpt":{"rendered":"<p>QUESO DE MEZCLA CURADO.<\/p>\n<p>Figura de calidad <a href=\"http:\/\/www.tierradesabor.es\" target=\"_blank\" rel=\"noopener noreferrer\"><span style=\"color: #005195;\">Tierra de Sabor<\/span><\/a><\/p>\n<p>PREMIO: World Cheese Awards | Super Oro | 2016<\/p>\n<p>Maduraci\u00f3n: 150 d\u00edas (+\/- 30 d\u00edas).<\/p>\n<p>Conservar en lugar fresco y seco.<\/p>\n<p>Atemperar 10 minutos antes de su consumo.<\/p>\n<p>Peso aproximado.<\/p>\n<p>&nbsp;<\/p>\n","protected":false},"featured_media":1594,"template":"","meta":{"neve_meta_sidebar":"","neve_meta_container":"","neve_meta_enable_content_width":"off","neve_meta_content_width":0,"neve_meta_title_alignment":"","neve_meta_author_avatar":"","neve_post_elements_order":"","neve_meta_disable_header":"","neve_meta_disable_footer":"","neve_meta_disable_title":""},"product_cat":[15],"product_tag":[70,40,37],"yoast_head":"<!-- This site is optimized with the Yoast SEO plugin v21.4 - https:\/\/yoast.com\/wordpress\/plugins\/seo\/ -->\n<title>PIEZA QUESO MEZCLA CURADO SANTTUM (3,2kg aproximado) - Quesos El Pastor - Tienda Online<\/title>\n<meta name=\"description\" content=\"QUESO DE MEZCLA CURADO. Figura de calidad Tierra de Sabor. PREMIO: World Cheese Awards | Super Oro | 2016.\" \/>\n<meta name=\"robots\" content=\"index, follow, max-snippet:-1, max-image-preview:large, max-video-preview:-1\" \/>\n<link rel=\"canonical\" href=\"https:\/\/www.elpastor.com\/tienda\/producto\/pieza-queso-3kg-mezcla-curado-santtum\/\" \/>\n<meta property=\"og:locale\" content=\"es_ES\" \/>\n<meta property=\"og:type\" content=\"article\" \/>\n<meta property=\"og:title\" content=\"PIEZA QUESO MEZCLA CURADO SANTTUM (3,2kg aproximado) - Quesos El Pastor - Tienda Online\" \/>\n<meta property=\"og:description\" content=\"QUESO DE MEZCLA CURADO. Figura de calidad Tierra de Sabor. PREMIO: World Cheese Awards | Super Oro | 2016.\" \/>\n<meta property=\"og:url\" content=\"https:\/\/www.elpastor.com\/tienda\/producto\/pieza-queso-3kg-mezcla-curado-santtum\/\" \/>\n<meta property=\"og:site_name\" content=\"Quesos El Pastor - Tienda Online\" \/>\n<meta property=\"article:modified_time\" content=\"2025-01-03T11:00:51+00:00\" \/>\n<meta property=\"og:image\" content=\"https:\/\/www.elpastor.com\/tienda\/wp-content\/uploads\/2020\/11\/2006-1038-santtum-mezcla-curado-3kg-tienda-online.jpg\" \/>\n\t<meta property=\"og:image:width\" content=\"1200\" \/>\n\t<meta property=\"og:image:height\" content=\"1200\" \/>\n\t<meta property=\"og:image:type\" content=\"image\/jpeg\" \/>\n<meta name=\"twitter:card\" content=\"summary_large_image\" \/>\n<!-- \/ Yoast SEO plugin. -->","yoast_head_json":{"title":"PIEZA QUESO MEZCLA CURADO SANTTUM (3,2kg aproximado) - Quesos El Pastor - Tienda Online","description":"QUESO DE MEZCLA CURADO. Figura de calidad Tierra de Sabor. PREMIO: World Cheese Awards | Super Oro | 2016.","robots":{"index":"index","follow":"follow","max-snippet":"max-snippet:-1","max-image-preview":"max-image-preview:large","max-video-preview":"max-video-preview:-1"},"canonical":"https:\/\/www.elpastor.com\/tienda\/producto\/pieza-queso-3kg-mezcla-curado-santtum\/","og_locale":"es_ES","og_type":"article","og_title":"PIEZA QUESO MEZCLA CURADO SANTTUM (3,2kg aproximado) - Quesos El Pastor - Tienda Online","og_description":"QUESO DE MEZCLA CURADO. Figura de calidad Tierra de Sabor. PREMIO: World Cheese Awards | Super Oro | 2016.","og_url":"https:\/\/www.elpastor.com\/tienda\/producto\/pieza-queso-3kg-mezcla-curado-santtum\/","og_site_name":"Quesos El Pastor - Tienda Online","article_modified_time":"2025-01-03T11:00:51+00:00","og_image":[{"width":1200,"height":1200,"url":"https:\/\/www.elpastor.com\/tienda\/wp-content\/uploads\/2020\/11\/2006-1038-santtum-mezcla-curado-3kg-tienda-online.jpg","type":"image\/jpeg"}],"twitter_card":"summary_large_image","schema":{"@context":"https:\/\/schema.org","@graph":[{"@type":"WebPage","@id":"https:\/\/www.elpastor.com\/tienda\/producto\/pieza-queso-3kg-mezcla-curado-santtum\/","url":"https:\/\/www.elpastor.com\/tienda\/producto\/pieza-queso-3kg-mezcla-curado-santtum\/","name":"PIEZA QUESO MEZCLA CURADO SANTTUM (3,2kg aproximado) - Quesos El Pastor - Tienda Online","isPartOf":{"@id":"https:\/\/www.elpastor.com\/tienda\/#website"},"datePublished":"2020-11-11T09:11:04+00:00","dateModified":"2025-01-03T11:00:51+00:00","description":"QUESO DE MEZCLA CURADO. Figura de calidad Tierra de Sabor. PREMIO: World Cheese Awards | Super Oro | 2016.","breadcrumb":{"@id":"https:\/\/www.elpastor.com\/tienda\/producto\/pieza-queso-3kg-mezcla-curado-santtum\/#breadcrumb"},"inLanguage":"es","potentialAction":[{"@type":"ReadAction","target":["https:\/\/www.elpastor.com\/tienda\/producto\/pieza-queso-3kg-mezcla-curado-santtum\/"]}]},{"@type":"BreadcrumbList","@id":"https:\/\/www.elpastor.com\/tienda\/producto\/pieza-queso-3kg-mezcla-curado-santtum\/#breadcrumb","itemListElement":[{"@type":"ListItem","position":1,"name":"Portada","item":"https:\/\/www.elpastor.com\/tienda\/"},{"@type":"ListItem","position":2,"name":"Shop","item":"https:\/\/www.elpastor.com\/tienda\/d41d8-shop\/"},{"@type":"ListItem","position":3,"name":"PIEZA QUESO MEZCLA CURADO SANTTUM (3,2kg aproximado)"}]},{"@type":"WebSite","@id":"https:\/\/www.elpastor.com\/tienda\/#website","url":"https:\/\/www.elpastor.com\/tienda\/","name":"Quesos El Pastor - Tienda Online","description":"Un mundo lleno de sabores","publisher":{"@id":"https:\/\/www.elpastor.com\/tienda\/#organization"},"potentialAction":[{"@type":"SearchAction","target":{"@type":"EntryPoint","urlTemplate":"https:\/\/www.elpastor.com\/tienda\/?s={search_term_string}"},"query-input":"required name=search_term_string"}],"inLanguage":"es"},{"@type":"Organization","@id":"https:\/\/www.elpastor.com\/tienda\/#organization","name":"Quesos El Pastor - Tienda Online","url":"https:\/\/www.elpastor.com\/tienda\/","logo":{"@type":"ImageObject","inLanguage":"es","@id":"https:\/\/www.elpastor.com\/tienda\/#\/schema\/logo\/image\/","url":"https:\/\/www.elpastor.com\/tienda\/wp-content\/uploads\/2020\/08\/quesos-el-pastor-logo.png","contentUrl":"https:\/\/www.elpastor.com\/tienda\/wp-content\/uploads\/2020\/08\/quesos-el-pastor-logo.png","width":320,"height":215,"caption":"Quesos El Pastor - Tienda Online"},"image":{"@id":"https:\/\/www.elpastor.com\/tienda\/#\/schema\/logo\/image\/"}}]}},"_links":{"self":[{"href":"https:\/\/www.elpastor.com\/tienda\/wp-json\/wp\/v2\/product\/1593"}],"collection":[{"href":"https:\/\/www.elpastor.com\/tienda\/wp-json\/wp\/v2\/product"}],"about":[{"href":"https:\/\/www.elpastor.com\/tienda\/wp-json\/wp\/v2\/types\/product"}],"version-history":[{"count":2,"href":"https:\/\/www.elpastor.com\/tienda\/wp-json\/wp\/v2\/product\/1593\/revisions"}],"predecessor-version":[{"id":3061,"href":"https:\/\/www.elpastor.com\/tienda\/wp-json\/wp\/v2\/product\/1593\/revisions\/3061"}],"wp:featuredmedia":[{"embeddable":true,"href":"https:\/\/www.elpastor.com\/tienda\/wp-json\/wp\/v2\/media\/1594"}],"wp:attachment":[{"href":"https:\/\/www.elpastor.com\/tienda\/wp-json\/wp\/v2\/media?parent=1593"}],"wp:term":[{"taxonomy":"product_cat","embeddable":true,"href":"https:\/\/www.elpastor.com\/tienda\/wp-json\/wp\/v2\/product_cat?post=1593"},{"taxonomy":"product_tag","embeddable":true,"href":"https:\/\/www.elpastor.com\/tienda\/wp-json\/wp\/v2\/product_tag?post=1593"}],"curies":[{"name":"wp","href":"https:\/\/api.w.org\/{rel}","templated":true}]}}