{"id":1580,"date":"2020-11-11T08:17:59","date_gmt":"2020-11-11T08:17:59","guid":{"rendered":"https:\/\/www.elpastor.com\/tienda\/?post_type=product&#038;p=1580"},"modified":"2025-01-03T11:18:06","modified_gmt":"2025-01-03T11:18:06","slug":"lonchas-200-grs-mezcla-tierno","status":"publish","type":"product","link":"https:\/\/www.elpastor.com\/tienda\/producto\/lonchas-200-grs-mezcla-tierno\/","title":{"rendered":"LONCHAS 200 GRS MEZCLA TIERNO EL PASTOR"},"content":{"rendered":"<p>LECHE pasteurizada de vaca (80% m\u00edn.), LECHE pasteurizada de oveja (5% m\u00edn.), sal, lactasa, secuestrante: cloruro c\u00e1lcico, coagulante y FERMENTOS L\u00c1CTICOS. Origen de la leche: Espa\u00f1a.<\/p>\n<p>Caracter\u00edsticas: c<span class=\"fw-700\">olor externo:<\/span> blanco. <span class=\"fw-700\">Olor:<\/span> Muy suave, caracter\u00edstico del queso mezcla tierno. <span class=\"fw-700\">Sabor:<\/span> Sabores l\u00e1cticos, con aromas a leche fresca. <span class=\"fw-700\">Textura:<\/span> Cremoso al paladar.<\/p>\n<p>&nbsp;<\/p>\n","protected":false},"excerpt":{"rendered":"<p>LONCHAS DE QUESO MEZCLA TIERNO.<\/p>\n<p>SIN CONSERVANTES.<\/p>\n<div class=\"page\" title=\"Page 53\">\n<div class=\"section\">\n<div class=\"layoutArea\">\n<div class=\"column\">\n<p>Puedes disfrutar del queso de barra en formato loncheado. Envases pra\u0301cticos con abre fa\u0301cil.<\/p>\n<\/div>\n<\/div>\n<\/div>\n<\/div>\n<p>Conservar refrigerado entre +2\u00baC y +8\u00baC.<\/p>\n<p>Atemperar 10 minutos antes de su consumo.<\/p>\n<p>&nbsp;<\/p>\n","protected":false},"featured_media":1582,"template":"","meta":{"neve_meta_sidebar":"","neve_meta_container":"","neve_meta_enable_content_width":"off","neve_meta_content_width":0,"neve_meta_title_alignment":"","neve_meta_author_avatar":"","neve_post_elements_order":"","neve_meta_disable_header":"","neve_meta_disable_footer":"","neve_meta_disable_title":""},"product_cat":[30],"product_tag":[85,88],"yoast_head":"<!-- This site is optimized with the Yoast SEO plugin v21.4 - https:\/\/yoast.com\/wordpress\/plugins\/seo\/ -->\n<title>LONCHAS 200 GRS MEZCLA TIERNO EL PASTOR - Quesos El Pastor - Tienda Online<\/title>\n<meta name=\"description\" content=\"LONCHAS DE QUESO MEZCLA TIERNO. SIN CONSERVANTES. Puedes disfrutar del queso de barra en formato loncheado. Envases pra\u0301cticos con abre fa\u0301cil.\" \/>\n<meta name=\"robots\" content=\"index, follow, max-snippet:-1, max-image-preview:large, max-video-preview:-1\" \/>\n<link rel=\"canonical\" href=\"http:\/\/www.elpastor.com\/tienda\/producto\/lonchas-200-grs-mezcla-tierno\/\" \/>\n<meta property=\"og:locale\" content=\"es_ES\" \/>\n<meta property=\"og:type\" content=\"article\" \/>\n<meta property=\"og:title\" content=\"LONCHAS 200 GRS MEZCLA TIERNO EL PASTOR - Quesos El Pastor - Tienda Online\" \/>\n<meta property=\"og:description\" content=\"LONCHAS DE QUESO MEZCLA TIERNO. SIN CONSERVANTES. Puedes disfrutar del queso de barra en formato loncheado. Envases pra\u0301cticos con abre fa\u0301cil.\" \/>\n<meta property=\"og:url\" content=\"http:\/\/www.elpastor.com\/tienda\/producto\/lonchas-200-grs-mezcla-tierno\/\" \/>\n<meta property=\"og:site_name\" content=\"Quesos El Pastor - Tienda Online\" \/>\n<meta property=\"article:modified_time\" content=\"2025-01-03T11:18:06+00:00\" \/>\n<meta property=\"og:image\" content=\"http:\/\/www.elpastor.com\/tienda\/wp-content\/uploads\/2020\/11\/1305-loncha-mezcla-tierno-200g-tienda-online.jpg\" \/>\n\t<meta property=\"og:image:width\" content=\"1200\" \/>\n\t<meta property=\"og:image:height\" content=\"1200\" \/>\n\t<meta property=\"og:image:type\" content=\"image\/jpeg\" \/>\n<meta name=\"twitter:card\" content=\"summary_large_image\" \/>\n<!-- \/ Yoast SEO plugin. -->","yoast_head_json":{"title":"LONCHAS 200 GRS MEZCLA TIERNO EL PASTOR - Quesos El Pastor - Tienda Online","description":"LONCHAS DE QUESO MEZCLA TIERNO. SIN CONSERVANTES. Puedes disfrutar del queso de barra en formato loncheado. Envases pra\u0301cticos con abre fa\u0301cil.","robots":{"index":"index","follow":"follow","max-snippet":"max-snippet:-1","max-image-preview":"max-image-preview:large","max-video-preview":"max-video-preview:-1"},"canonical":"http:\/\/www.elpastor.com\/tienda\/producto\/lonchas-200-grs-mezcla-tierno\/","og_locale":"es_ES","og_type":"article","og_title":"LONCHAS 200 GRS MEZCLA TIERNO EL PASTOR - Quesos El Pastor - Tienda Online","og_description":"LONCHAS DE QUESO MEZCLA TIERNO. SIN CONSERVANTES. Puedes disfrutar del queso de barra en formato loncheado. Envases pra\u0301cticos con abre fa\u0301cil.","og_url":"http:\/\/www.elpastor.com\/tienda\/producto\/lonchas-200-grs-mezcla-tierno\/","og_site_name":"Quesos El Pastor - Tienda Online","article_modified_time":"2025-01-03T11:18:06+00:00","og_image":[{"width":1200,"height":1200,"url":"http:\/\/www.elpastor.com\/tienda\/wp-content\/uploads\/2020\/11\/1305-loncha-mezcla-tierno-200g-tienda-online.jpg","type":"image\/jpeg"}],"twitter_card":"summary_large_image","schema":{"@context":"https:\/\/schema.org","@graph":[{"@type":"WebPage","@id":"http:\/\/www.elpastor.com\/tienda\/producto\/lonchas-200-grs-mezcla-tierno\/","url":"http:\/\/www.elpastor.com\/tienda\/producto\/lonchas-200-grs-mezcla-tierno\/","name":"LONCHAS 200 GRS MEZCLA TIERNO EL PASTOR - Quesos El Pastor - Tienda Online","isPartOf":{"@id":"https:\/\/www.elpastor.com\/tienda\/#website"},"datePublished":"2020-11-11T08:17:59+00:00","dateModified":"2025-01-03T11:18:06+00:00","description":"LONCHAS DE QUESO MEZCLA TIERNO. SIN CONSERVANTES. Puedes disfrutar del queso de barra en formato loncheado. Envases pra\u0301cticos con abre fa\u0301cil.","breadcrumb":{"@id":"http:\/\/www.elpastor.com\/tienda\/producto\/lonchas-200-grs-mezcla-tierno\/#breadcrumb"},"inLanguage":"es","potentialAction":[{"@type":"ReadAction","target":["http:\/\/www.elpastor.com\/tienda\/producto\/lonchas-200-grs-mezcla-tierno\/"]}]},{"@type":"BreadcrumbList","@id":"http:\/\/www.elpastor.com\/tienda\/producto\/lonchas-200-grs-mezcla-tierno\/#breadcrumb","itemListElement":[{"@type":"ListItem","position":1,"name":"Portada","item":"https:\/\/www.elpastor.com\/tienda\/"},{"@type":"ListItem","position":2,"name":"Shop","item":"https:\/\/www.elpastor.com\/tienda\/d41d8-shop\/"},{"@type":"ListItem","position":3,"name":"LONCHAS 200 GRS MEZCLA TIERNO EL PASTOR"}]},{"@type":"WebSite","@id":"https:\/\/www.elpastor.com\/tienda\/#website","url":"https:\/\/www.elpastor.com\/tienda\/","name":"Quesos El Pastor - Tienda Online","description":"Un mundo lleno de sabores","publisher":{"@id":"https:\/\/www.elpastor.com\/tienda\/#organization"},"potentialAction":[{"@type":"SearchAction","target":{"@type":"EntryPoint","urlTemplate":"https:\/\/www.elpastor.com\/tienda\/?s={search_term_string}"},"query-input":"required name=search_term_string"}],"inLanguage":"es"},{"@type":"Organization","@id":"https:\/\/www.elpastor.com\/tienda\/#organization","name":"Quesos El Pastor - Tienda Online","url":"https:\/\/www.elpastor.com\/tienda\/","logo":{"@type":"ImageObject","inLanguage":"es","@id":"https:\/\/www.elpastor.com\/tienda\/#\/schema\/logo\/image\/","url":"https:\/\/www.elpastor.com\/tienda\/wp-content\/uploads\/2020\/08\/quesos-el-pastor-logo.png","contentUrl":"https:\/\/www.elpastor.com\/tienda\/wp-content\/uploads\/2020\/08\/quesos-el-pastor-logo.png","width":320,"height":215,"caption":"Quesos El Pastor - Tienda Online"},"image":{"@id":"https:\/\/www.elpastor.com\/tienda\/#\/schema\/logo\/image\/"}}]}},"_links":{"self":[{"href":"https:\/\/www.elpastor.com\/tienda\/wp-json\/wp\/v2\/product\/1580"}],"collection":[{"href":"https:\/\/www.elpastor.com\/tienda\/wp-json\/wp\/v2\/product"}],"about":[{"href":"https:\/\/www.elpastor.com\/tienda\/wp-json\/wp\/v2\/types\/product"}],"version-history":[{"count":3,"href":"https:\/\/www.elpastor.com\/tienda\/wp-json\/wp\/v2\/product\/1580\/revisions"}],"predecessor-version":[{"id":1587,"href":"https:\/\/www.elpastor.com\/tienda\/wp-json\/wp\/v2\/product\/1580\/revisions\/1587"}],"wp:featuredmedia":[{"embeddable":true,"href":"https:\/\/www.elpastor.com\/tienda\/wp-json\/wp\/v2\/media\/1582"}],"wp:attachment":[{"href":"https:\/\/www.elpastor.com\/tienda\/wp-json\/wp\/v2\/media?parent=1580"}],"wp:term":[{"taxonomy":"product_cat","embeddable":true,"href":"https:\/\/www.elpastor.com\/tienda\/wp-json\/wp\/v2\/product_cat?post=1580"},{"taxonomy":"product_tag","embeddable":true,"href":"https:\/\/www.elpastor.com\/tienda\/wp-json\/wp\/v2\/product_tag?post=1580"}],"curies":[{"name":"wp","href":"https:\/\/api.w.org\/{rel}","templated":true}]}}