{"id":1252,"date":"2020-11-02T19:17:21","date_gmt":"2020-11-02T19:17:21","guid":{"rendered":"https:\/\/www.elpastor.com\/tienda\/?post_type=product&#038;p=1252"},"modified":"2025-09-18T08:19:51","modified_gmt":"2025-09-18T08:19:51","slug":"rulo-fresco-cabra-100-grs-papaya","status":"publish","type":"product","link":"https:\/\/www.elpastor.com\/tienda\/producto\/rulo-fresco-cabra-100-grs-papaya\/","title":{"rendered":"RULO FRESCO CABRA 100 GRS CON PAPAYA EL PASTOR"},"content":{"rendered":"<p>Ingredientes: LECHE pasteurizada de cabra, papaya (20% m\u00edn.) sal, coagulante, secuestrante: cloruro c\u00e1lcico y FERMENTOS L\u00c1CTICOS.\u00a0Origen de la leche: Espa\u00f1a. Elaborado en una f\u00e1brica que utiliza leche de oveja y de vaca.<\/p>\n<p>Caracter\u00edsticas: Pasta blanca y cremosa. De textura untuosa y sabor a leche fresca de cabra.<\/p>\n<p>&nbsp;<\/p>\n","protected":false},"excerpt":{"rendered":"<p>RULO FRESCO DE QUESO DE CABRA CON PAPAYA.<\/p>\n<p>PREMIO: World Cheese Awards | Plata | 2021-22.<\/p>\n<p>Envasado en atm\u00f3sfera protectora.<\/p>\n<p>Conservar refrigerado entre +2\u00baC y +8\u00baC.<\/p>\n<p>Atemperar 10 minutos antes de su consumo.<\/p>\n<p>&nbsp;<\/p>\n","protected":false},"featured_media":2289,"template":"","meta":{"neve_meta_sidebar":"","neve_meta_container":"","neve_meta_enable_content_width":"off","neve_meta_content_width":0,"neve_meta_title_alignment":"","neve_meta_author_avatar":"","neve_post_elements_order":"","neve_meta_disable_header":"","neve_meta_disable_footer":"","neve_meta_disable_title":""},"product_cat":[22],"product_tag":[111,65],"yoast_head":"<!-- This site is optimized with the Yoast SEO plugin v21.4 - https:\/\/yoast.com\/wordpress\/plugins\/seo\/ -->\n<title>RULO FRESCO CABRA 100 GRS CON PAPAYA EL PASTOR - Quesos El Pastor - Tienda Online<\/title>\n<meta name=\"description\" content=\"RULO FRESCO DE QUESO DE CABRA CON PAPAYA. Envasado en atm\u00f3sfera protectora. Conservar refrigerado entre +2\u00baC y +8\u00baC.\" \/>\n<meta name=\"robots\" content=\"index, follow, max-snippet:-1, max-image-preview:large, max-video-preview:-1\" \/>\n<link rel=\"canonical\" href=\"https:\/\/www.elpastor.com\/tienda\/producto\/rulo-fresco-cabra-100-grs-papaya\/\" \/>\n<meta property=\"og:locale\" content=\"es_ES\" \/>\n<meta property=\"og:type\" content=\"article\" \/>\n<meta property=\"og:title\" content=\"RULO FRESCO CABRA 100 GRS CON PAPAYA EL PASTOR - Quesos El Pastor - Tienda Online\" \/>\n<meta property=\"og:description\" content=\"RULO FRESCO DE QUESO DE CABRA CON PAPAYA. Envasado en atm\u00f3sfera protectora. Conservar refrigerado entre +2\u00baC y +8\u00baC.\" \/>\n<meta property=\"og:url\" content=\"https:\/\/www.elpastor.com\/tienda\/producto\/rulo-fresco-cabra-100-grs-papaya\/\" \/>\n<meta property=\"og:site_name\" content=\"Quesos El Pastor - Tienda Online\" \/>\n<meta property=\"article:modified_time\" content=\"2025-09-18T08:19:51+00:00\" \/>\n<meta property=\"og:image\" content=\"https:\/\/www.elpastor.com\/tienda\/wp-content\/uploads\/2020\/11\/3759-rulo-fresco-cabra-papaya-100g-tienda-online-ok.jpg\" \/>\n\t<meta property=\"og:image:width\" content=\"1200\" \/>\n\t<meta property=\"og:image:height\" content=\"1200\" \/>\n\t<meta property=\"og:image:type\" content=\"image\/jpeg\" \/>\n<meta name=\"twitter:card\" content=\"summary_large_image\" \/>\n<!-- \/ Yoast SEO plugin. -->","yoast_head_json":{"title":"RULO FRESCO CABRA 100 GRS CON PAPAYA EL PASTOR - Quesos El Pastor - Tienda Online","description":"RULO FRESCO DE QUESO DE CABRA CON PAPAYA. Envasado en atm\u00f3sfera protectora. Conservar refrigerado entre +2\u00baC y +8\u00baC.","robots":{"index":"index","follow":"follow","max-snippet":"max-snippet:-1","max-image-preview":"max-image-preview:large","max-video-preview":"max-video-preview:-1"},"canonical":"https:\/\/www.elpastor.com\/tienda\/producto\/rulo-fresco-cabra-100-grs-papaya\/","og_locale":"es_ES","og_type":"article","og_title":"RULO FRESCO CABRA 100 GRS CON PAPAYA EL PASTOR - Quesos El Pastor - Tienda Online","og_description":"RULO FRESCO DE QUESO DE CABRA CON PAPAYA. Envasado en atm\u00f3sfera protectora. Conservar refrigerado entre +2\u00baC y +8\u00baC.","og_url":"https:\/\/www.elpastor.com\/tienda\/producto\/rulo-fresco-cabra-100-grs-papaya\/","og_site_name":"Quesos El Pastor - Tienda Online","article_modified_time":"2025-09-18T08:19:51+00:00","og_image":[{"width":1200,"height":1200,"url":"https:\/\/www.elpastor.com\/tienda\/wp-content\/uploads\/2020\/11\/3759-rulo-fresco-cabra-papaya-100g-tienda-online-ok.jpg","type":"image\/jpeg"}],"twitter_card":"summary_large_image","schema":{"@context":"https:\/\/schema.org","@graph":[{"@type":"WebPage","@id":"https:\/\/www.elpastor.com\/tienda\/producto\/rulo-fresco-cabra-100-grs-papaya\/","url":"https:\/\/www.elpastor.com\/tienda\/producto\/rulo-fresco-cabra-100-grs-papaya\/","name":"RULO FRESCO CABRA 100 GRS CON PAPAYA EL PASTOR - Quesos El Pastor - Tienda Online","isPartOf":{"@id":"https:\/\/www.elpastor.com\/tienda\/#website"},"datePublished":"2020-11-02T19:17:21+00:00","dateModified":"2025-09-18T08:19:51+00:00","description":"RULO FRESCO DE QUESO DE CABRA CON PAPAYA. Envasado en atm\u00f3sfera protectora. Conservar refrigerado entre +2\u00baC y +8\u00baC.","breadcrumb":{"@id":"https:\/\/www.elpastor.com\/tienda\/producto\/rulo-fresco-cabra-100-grs-papaya\/#breadcrumb"},"inLanguage":"es","potentialAction":[{"@type":"ReadAction","target":["https:\/\/www.elpastor.com\/tienda\/producto\/rulo-fresco-cabra-100-grs-papaya\/"]}]},{"@type":"BreadcrumbList","@id":"https:\/\/www.elpastor.com\/tienda\/producto\/rulo-fresco-cabra-100-grs-papaya\/#breadcrumb","itemListElement":[{"@type":"ListItem","position":1,"name":"Portada","item":"https:\/\/www.elpastor.com\/tienda\/"},{"@type":"ListItem","position":2,"name":"Shop","item":"https:\/\/www.elpastor.com\/tienda\/d41d8-shop\/"},{"@type":"ListItem","position":3,"name":"RULO FRESCO CABRA 100 GRS CON PAPAYA EL PASTOR"}]},{"@type":"WebSite","@id":"https:\/\/www.elpastor.com\/tienda\/#website","url":"https:\/\/www.elpastor.com\/tienda\/","name":"Quesos El Pastor - Tienda Online","description":"Un mundo lleno de sabores","publisher":{"@id":"https:\/\/www.elpastor.com\/tienda\/#organization"},"potentialAction":[{"@type":"SearchAction","target":{"@type":"EntryPoint","urlTemplate":"https:\/\/www.elpastor.com\/tienda\/?s={search_term_string}"},"query-input":"required name=search_term_string"}],"inLanguage":"es"},{"@type":"Organization","@id":"https:\/\/www.elpastor.com\/tienda\/#organization","name":"Quesos El Pastor - Tienda Online","url":"https:\/\/www.elpastor.com\/tienda\/","logo":{"@type":"ImageObject","inLanguage":"es","@id":"https:\/\/www.elpastor.com\/tienda\/#\/schema\/logo\/image\/","url":"https:\/\/www.elpastor.com\/tienda\/wp-content\/uploads\/2020\/08\/quesos-el-pastor-logo.png","contentUrl":"https:\/\/www.elpastor.com\/tienda\/wp-content\/uploads\/2020\/08\/quesos-el-pastor-logo.png","width":320,"height":215,"caption":"Quesos El Pastor - Tienda Online"},"image":{"@id":"https:\/\/www.elpastor.com\/tienda\/#\/schema\/logo\/image\/"}}]}},"_links":{"self":[{"href":"https:\/\/www.elpastor.com\/tienda\/wp-json\/wp\/v2\/product\/1252"}],"collection":[{"href":"https:\/\/www.elpastor.com\/tienda\/wp-json\/wp\/v2\/product"}],"about":[{"href":"https:\/\/www.elpastor.com\/tienda\/wp-json\/wp\/v2\/types\/product"}],"version-history":[{"count":2,"href":"https:\/\/www.elpastor.com\/tienda\/wp-json\/wp\/v2\/product\/1252\/revisions"}],"predecessor-version":[{"id":2290,"href":"https:\/\/www.elpastor.com\/tienda\/wp-json\/wp\/v2\/product\/1252\/revisions\/2290"}],"wp:featuredmedia":[{"embeddable":true,"href":"https:\/\/www.elpastor.com\/tienda\/wp-json\/wp\/v2\/media\/2289"}],"wp:attachment":[{"href":"https:\/\/www.elpastor.com\/tienda\/wp-json\/wp\/v2\/media?parent=1252"}],"wp:term":[{"taxonomy":"product_cat","embeddable":true,"href":"https:\/\/www.elpastor.com\/tienda\/wp-json\/wp\/v2\/product_cat?post=1252"},{"taxonomy":"product_tag","embeddable":true,"href":"https:\/\/www.elpastor.com\/tienda\/wp-json\/wp\/v2\/product_tag?post=1252"}],"curies":[{"name":"wp","href":"https:\/\/api.w.org\/{rel}","templated":true}]}}