{"id":1244,"date":"2020-10-30T19:06:43","date_gmt":"2020-10-30T19:06:43","guid":{"rendered":"https:\/\/www.elpastor.com\/tienda\/?post_type=product&#038;p=1244"},"modified":"2025-09-18T08:18:50","modified_gmt":"2025-09-18T08:18:50","slug":"crema-200-grs-queso-azul-kabernus-blue","status":"publish","type":"product","link":"https:\/\/www.elpastor.com\/tienda\/producto\/crema-200-grs-queso-azul-kabernus-blue\/","title":{"rendered":"CREMA 200 GRS QUESO AZUL KABERNUS BLUE"},"content":{"rendered":"<p>Ingredientes: Queso azul (LECHE pasterizada de vaca y cabra, CULTIVOS L\u00c1CTEOS, cuajo y sal) y sales de fundido. Origen de la leche: Espa\u00f1a.<\/p>\n<p>Caracter\u00edsticas: color interno azul &#8211; verdoso. Olor ligeramente l\u00e1ctico con olor espec\u00edfico a moho. Sabor intenso, salado y picante. Textura cremosa.<\/p>\n<p>&nbsp;<\/p>\n","protected":false},"excerpt":{"rendered":"<p>CREMA DE QUESO AZUL FUNDIDO.<\/p>\n<p>Conservar m\u00e1ximo a +8\u00baC.<\/p>\n<p>&nbsp;<\/p>\n","protected":false},"featured_media":1245,"template":"","meta":{"neve_meta_sidebar":"","neve_meta_container":"","neve_meta_enable_content_width":"off","neve_meta_content_width":0,"neve_meta_title_alignment":"","neve_meta_author_avatar":"","neve_post_elements_order":"","neve_meta_disable_header":"","neve_meta_disable_footer":"","neve_meta_disable_title":""},"product_cat":[29],"product_tag":[73,69],"yoast_head":"<!-- This site is optimized with the Yoast SEO plugin v21.4 - https:\/\/yoast.com\/wordpress\/plugins\/seo\/ -->\n<title>CREMA 200 GRS QUESO AZUL KABERNUS BLUE - Quesos El Pastor - Tienda Online<\/title>\n<meta name=\"description\" content=\"CREMA DE QUESO AZUL FUNDIDO. Caracter\u00edsticas: color interno azul - verdoso. Olor ligeramente l\u00e1ctico con olor espec\u00edfico a moho. Sabor intenso, salado y picante. Textura cremosa.\" \/>\n<meta name=\"robots\" content=\"index, follow, max-snippet:-1, max-image-preview:large, max-video-preview:-1\" \/>\n<link rel=\"canonical\" href=\"https:\/\/www.elpastor.com\/tienda\/producto\/crema-200-grs-queso-azul-kabernus-blue\/\" \/>\n<meta property=\"og:locale\" content=\"es_ES\" \/>\n<meta property=\"og:type\" content=\"article\" \/>\n<meta property=\"og:title\" content=\"CREMA 200 GRS QUESO AZUL KABERNUS BLUE - Quesos El Pastor - Tienda Online\" \/>\n<meta property=\"og:description\" content=\"CREMA DE QUESO AZUL FUNDIDO. Caracter\u00edsticas: color interno azul - verdoso. Olor ligeramente l\u00e1ctico con olor espec\u00edfico a moho. Sabor intenso, salado y picante. Textura cremosa.\" \/>\n<meta property=\"og:url\" content=\"https:\/\/www.elpastor.com\/tienda\/producto\/crema-200-grs-queso-azul-kabernus-blue\/\" \/>\n<meta property=\"og:site_name\" content=\"Quesos El Pastor - Tienda Online\" \/>\n<meta property=\"article:modified_time\" content=\"2025-09-18T08:18:50+00:00\" \/>\n<meta property=\"og:image\" content=\"https:\/\/www.elpastor.com\/tienda\/wp-content\/uploads\/2020\/10\/2787-crema-200g-azul-kabernus-blue-tienda-online.jpg\" \/>\n\t<meta property=\"og:image:width\" content=\"1200\" \/>\n\t<meta property=\"og:image:height\" content=\"1200\" \/>\n\t<meta property=\"og:image:type\" content=\"image\/jpeg\" \/>\n<meta name=\"twitter:card\" content=\"summary_large_image\" \/>\n<!-- \/ Yoast SEO plugin. -->","yoast_head_json":{"title":"CREMA 200 GRS QUESO AZUL KABERNUS BLUE - Quesos El Pastor - Tienda Online","description":"CREMA DE QUESO AZUL FUNDIDO. Caracter\u00edsticas: color interno azul - verdoso. Olor ligeramente l\u00e1ctico con olor espec\u00edfico a moho. Sabor intenso, salado y picante. Textura cremosa.","robots":{"index":"index","follow":"follow","max-snippet":"max-snippet:-1","max-image-preview":"max-image-preview:large","max-video-preview":"max-video-preview:-1"},"canonical":"https:\/\/www.elpastor.com\/tienda\/producto\/crema-200-grs-queso-azul-kabernus-blue\/","og_locale":"es_ES","og_type":"article","og_title":"CREMA 200 GRS QUESO AZUL KABERNUS BLUE - Quesos El Pastor - Tienda Online","og_description":"CREMA DE QUESO AZUL FUNDIDO. Caracter\u00edsticas: color interno azul - verdoso. Olor ligeramente l\u00e1ctico con olor espec\u00edfico a moho. Sabor intenso, salado y picante. Textura cremosa.","og_url":"https:\/\/www.elpastor.com\/tienda\/producto\/crema-200-grs-queso-azul-kabernus-blue\/","og_site_name":"Quesos El Pastor - Tienda Online","article_modified_time":"2025-09-18T08:18:50+00:00","og_image":[{"width":1200,"height":1200,"url":"https:\/\/www.elpastor.com\/tienda\/wp-content\/uploads\/2020\/10\/2787-crema-200g-azul-kabernus-blue-tienda-online.jpg","type":"image\/jpeg"}],"twitter_card":"summary_large_image","schema":{"@context":"https:\/\/schema.org","@graph":[{"@type":"WebPage","@id":"https:\/\/www.elpastor.com\/tienda\/producto\/crema-200-grs-queso-azul-kabernus-blue\/","url":"https:\/\/www.elpastor.com\/tienda\/producto\/crema-200-grs-queso-azul-kabernus-blue\/","name":"CREMA 200 GRS QUESO AZUL KABERNUS BLUE - Quesos El Pastor - Tienda Online","isPartOf":{"@id":"https:\/\/www.elpastor.com\/tienda\/#website"},"datePublished":"2020-10-30T19:06:43+00:00","dateModified":"2025-09-18T08:18:50+00:00","description":"CREMA DE QUESO AZUL FUNDIDO. Caracter\u00edsticas: color interno azul - verdoso. Olor ligeramente l\u00e1ctico con olor espec\u00edfico a moho. Sabor intenso, salado y picante. Textura cremosa.","breadcrumb":{"@id":"https:\/\/www.elpastor.com\/tienda\/producto\/crema-200-grs-queso-azul-kabernus-blue\/#breadcrumb"},"inLanguage":"es","potentialAction":[{"@type":"ReadAction","target":["https:\/\/www.elpastor.com\/tienda\/producto\/crema-200-grs-queso-azul-kabernus-blue\/"]}]},{"@type":"BreadcrumbList","@id":"https:\/\/www.elpastor.com\/tienda\/producto\/crema-200-grs-queso-azul-kabernus-blue\/#breadcrumb","itemListElement":[{"@type":"ListItem","position":1,"name":"Portada","item":"https:\/\/www.elpastor.com\/tienda\/"},{"@type":"ListItem","position":2,"name":"Shop","item":"https:\/\/www.elpastor.com\/tienda\/d41d8-shop\/"},{"@type":"ListItem","position":3,"name":"CREMA 200 GRS QUESO AZUL KABERNUS BLUE"}]},{"@type":"WebSite","@id":"https:\/\/www.elpastor.com\/tienda\/#website","url":"https:\/\/www.elpastor.com\/tienda\/","name":"Quesos El Pastor - Tienda Online","description":"Un mundo lleno de sabores","publisher":{"@id":"https:\/\/www.elpastor.com\/tienda\/#organization"},"potentialAction":[{"@type":"SearchAction","target":{"@type":"EntryPoint","urlTemplate":"https:\/\/www.elpastor.com\/tienda\/?s={search_term_string}"},"query-input":"required name=search_term_string"}],"inLanguage":"es"},{"@type":"Organization","@id":"https:\/\/www.elpastor.com\/tienda\/#organization","name":"Quesos El Pastor - Tienda Online","url":"https:\/\/www.elpastor.com\/tienda\/","logo":{"@type":"ImageObject","inLanguage":"es","@id":"https:\/\/www.elpastor.com\/tienda\/#\/schema\/logo\/image\/","url":"https:\/\/www.elpastor.com\/tienda\/wp-content\/uploads\/2020\/08\/quesos-el-pastor-logo.png","contentUrl":"https:\/\/www.elpastor.com\/tienda\/wp-content\/uploads\/2020\/08\/quesos-el-pastor-logo.png","width":320,"height":215,"caption":"Quesos El Pastor - Tienda Online"},"image":{"@id":"https:\/\/www.elpastor.com\/tienda\/#\/schema\/logo\/image\/"}}]}},"_links":{"self":[{"href":"https:\/\/www.elpastor.com\/tienda\/wp-json\/wp\/v2\/product\/1244"}],"collection":[{"href":"https:\/\/www.elpastor.com\/tienda\/wp-json\/wp\/v2\/product"}],"about":[{"href":"https:\/\/www.elpastor.com\/tienda\/wp-json\/wp\/v2\/types\/product"}],"version-history":[{"count":3,"href":"https:\/\/www.elpastor.com\/tienda\/wp-json\/wp\/v2\/product\/1244\/revisions"}],"predecessor-version":[{"id":1850,"href":"https:\/\/www.elpastor.com\/tienda\/wp-json\/wp\/v2\/product\/1244\/revisions\/1850"}],"wp:featuredmedia":[{"embeddable":true,"href":"https:\/\/www.elpastor.com\/tienda\/wp-json\/wp\/v2\/media\/1245"}],"wp:attachment":[{"href":"https:\/\/www.elpastor.com\/tienda\/wp-json\/wp\/v2\/media?parent=1244"}],"wp:term":[{"taxonomy":"product_cat","embeddable":true,"href":"https:\/\/www.elpastor.com\/tienda\/wp-json\/wp\/v2\/product_cat?post=1244"},{"taxonomy":"product_tag","embeddable":true,"href":"https:\/\/www.elpastor.com\/tienda\/wp-json\/wp\/v2\/product_tag?post=1244"}],"curies":[{"name":"wp","href":"https:\/\/api.w.org\/{rel}","templated":true}]}}