{"id":1143,"date":"2020-10-30T11:10:26","date_gmt":"2020-10-30T11:10:26","guid":{"rendered":"https:\/\/www.elpastor.com\/tienda\/?post_type=product&#038;p=1143"},"modified":"2025-01-03T11:23:53","modified_gmt":"2025-01-03T11:23:53","slug":"perlas-de-queso-125-grs-rellenas-mango","status":"publish","type":"product","link":"https:\/\/www.elpastor.com\/tienda\/producto\/perlas-de-queso-125-grs-rellenas-mango\/","title":{"rendered":"PERLAS DE QUESO 125 GRS RELLENAS MANGO EL PASTOR"},"content":{"rendered":"<p>Ingredientes: LECHE pasteurizada de vaca (80% m\u00edn.), mermelada de mango (17% m\u00edn), sal, secuestrante: cloruro c\u00e1lcico, coagulante y FERMENTOS L\u00c1CTICOS. Origen de la leche: Espa\u00f1a.<\/p>\n<p>Caracteri\u0301sticas: color externo blanco homoge\u0301neo. Olores afrutados y sabores suaves. Textura cremosa.<\/p>\n<p>&nbsp;<\/p>\n","protected":false},"excerpt":{"rendered":"<p>PERLAS DE QUESO RELLENAS DE MANGO.<\/p>\n<p>Maduraci\u00f3n: 10 d\u00edas.<\/p>\n<p>Conservar refrigerado entre +2\u00baC y +8\u00baC.<\/p>\n<p>Atemperar 10 minutos antes de su consumo.<\/p>\n<p>&nbsp;<\/p>\n","protected":false},"featured_media":2583,"template":"","meta":{"neve_meta_sidebar":"","neve_meta_container":"","neve_meta_enable_content_width":"off","neve_meta_content_width":70,"neve_meta_title_alignment":"","neve_meta_author_avatar":"","neve_post_elements_order":"","neve_meta_disable_header":"","neve_meta_disable_footer":"","neve_meta_disable_title":""},"product_cat":[38],"product_tag":[103,100],"yoast_head":"<!-- This site is optimized with the Yoast SEO plugin v21.4 - https:\/\/yoast.com\/wordpress\/plugins\/seo\/ -->\n<title>PERLAS DE QUESO 125 GRS RELLENAS MANGO EL PASTOR - Quesos El Pastor - Tienda Online<\/title>\n<meta name=\"description\" content=\"PERLAS DE QUESO RELLENAS DE MANGO. Caracteri\u0301sticas: color externo blanco homoge\u0301neo. Olores afrutados y sabores suaves. Textura cremosa.\" \/>\n<meta name=\"robots\" content=\"index, follow, max-snippet:-1, max-image-preview:large, max-video-preview:-1\" \/>\n<link rel=\"canonical\" href=\"https:\/\/www.elpastor.com\/tienda\/producto\/perlas-de-queso-125-grs-rellenas-mango\/\" \/>\n<meta property=\"og:locale\" content=\"es_ES\" \/>\n<meta property=\"og:type\" content=\"article\" \/>\n<meta property=\"og:title\" content=\"PERLAS DE QUESO 125 GRS RELLENAS MANGO EL PASTOR - Quesos El Pastor - Tienda Online\" \/>\n<meta property=\"og:description\" content=\"PERLAS DE QUESO RELLENAS DE MANGO. Caracteri\u0301sticas: color externo blanco homoge\u0301neo. Olores afrutados y sabores suaves. Textura cremosa.\" \/>\n<meta property=\"og:url\" content=\"https:\/\/www.elpastor.com\/tienda\/producto\/perlas-de-queso-125-grs-rellenas-mango\/\" \/>\n<meta property=\"og:site_name\" content=\"Quesos El Pastor - Tienda Online\" \/>\n<meta property=\"article:modified_time\" content=\"2025-01-03T11:23:53+00:00\" \/>\n<meta property=\"og:image\" content=\"https:\/\/www.elpastor.com\/tienda\/wp-content\/uploads\/2020\/10\/3404-perlas-mango-tienda-online.jpg\" \/>\n\t<meta property=\"og:image:width\" content=\"1200\" \/>\n\t<meta property=\"og:image:height\" content=\"1200\" \/>\n\t<meta property=\"og:image:type\" content=\"image\/jpeg\" \/>\n<meta name=\"twitter:card\" content=\"summary_large_image\" \/>\n<!-- \/ Yoast SEO plugin. -->","yoast_head_json":{"title":"PERLAS DE QUESO 125 GRS RELLENAS MANGO EL PASTOR - Quesos El Pastor - Tienda Online","description":"PERLAS DE QUESO RELLENAS DE MANGO. Caracteri\u0301sticas: color externo blanco homoge\u0301neo. Olores afrutados y sabores suaves. Textura cremosa.","robots":{"index":"index","follow":"follow","max-snippet":"max-snippet:-1","max-image-preview":"max-image-preview:large","max-video-preview":"max-video-preview:-1"},"canonical":"https:\/\/www.elpastor.com\/tienda\/producto\/perlas-de-queso-125-grs-rellenas-mango\/","og_locale":"es_ES","og_type":"article","og_title":"PERLAS DE QUESO 125 GRS RELLENAS MANGO EL PASTOR - Quesos El Pastor - Tienda Online","og_description":"PERLAS DE QUESO RELLENAS DE MANGO. Caracteri\u0301sticas: color externo blanco homoge\u0301neo. Olores afrutados y sabores suaves. Textura cremosa.","og_url":"https:\/\/www.elpastor.com\/tienda\/producto\/perlas-de-queso-125-grs-rellenas-mango\/","og_site_name":"Quesos El Pastor - Tienda Online","article_modified_time":"2025-01-03T11:23:53+00:00","og_image":[{"width":1200,"height":1200,"url":"https:\/\/www.elpastor.com\/tienda\/wp-content\/uploads\/2020\/10\/3404-perlas-mango-tienda-online.jpg","type":"image\/jpeg"}],"twitter_card":"summary_large_image","schema":{"@context":"https:\/\/schema.org","@graph":[{"@type":"WebPage","@id":"https:\/\/www.elpastor.com\/tienda\/producto\/perlas-de-queso-125-grs-rellenas-mango\/","url":"https:\/\/www.elpastor.com\/tienda\/producto\/perlas-de-queso-125-grs-rellenas-mango\/","name":"PERLAS DE QUESO 125 GRS RELLENAS MANGO EL PASTOR - Quesos El Pastor - Tienda Online","isPartOf":{"@id":"https:\/\/www.elpastor.com\/tienda\/#website"},"datePublished":"2020-10-30T11:10:26+00:00","dateModified":"2025-01-03T11:23:53+00:00","description":"PERLAS DE QUESO RELLENAS DE MANGO. Caracteri\u0301sticas: color externo blanco homoge\u0301neo. Olores afrutados y sabores suaves. Textura cremosa.","breadcrumb":{"@id":"https:\/\/www.elpastor.com\/tienda\/producto\/perlas-de-queso-125-grs-rellenas-mango\/#breadcrumb"},"inLanguage":"es","potentialAction":[{"@type":"ReadAction","target":["https:\/\/www.elpastor.com\/tienda\/producto\/perlas-de-queso-125-grs-rellenas-mango\/"]}]},{"@type":"BreadcrumbList","@id":"https:\/\/www.elpastor.com\/tienda\/producto\/perlas-de-queso-125-grs-rellenas-mango\/#breadcrumb","itemListElement":[{"@type":"ListItem","position":1,"name":"Portada","item":"https:\/\/www.elpastor.com\/tienda\/"},{"@type":"ListItem","position":2,"name":"Shop","item":"https:\/\/www.elpastor.com\/tienda\/d41d8-shop\/"},{"@type":"ListItem","position":3,"name":"PERLAS DE QUESO 125 GRS RELLENAS MANGO EL PASTOR"}]},{"@type":"WebSite","@id":"https:\/\/www.elpastor.com\/tienda\/#website","url":"https:\/\/www.elpastor.com\/tienda\/","name":"Quesos El Pastor - Tienda Online","description":"Un mundo lleno de sabores","publisher":{"@id":"https:\/\/www.elpastor.com\/tienda\/#organization"},"potentialAction":[{"@type":"SearchAction","target":{"@type":"EntryPoint","urlTemplate":"https:\/\/www.elpastor.com\/tienda\/?s={search_term_string}"},"query-input":"required name=search_term_string"}],"inLanguage":"es"},{"@type":"Organization","@id":"https:\/\/www.elpastor.com\/tienda\/#organization","name":"Quesos El Pastor - Tienda Online","url":"https:\/\/www.elpastor.com\/tienda\/","logo":{"@type":"ImageObject","inLanguage":"es","@id":"https:\/\/www.elpastor.com\/tienda\/#\/schema\/logo\/image\/","url":"https:\/\/www.elpastor.com\/tienda\/wp-content\/uploads\/2020\/08\/quesos-el-pastor-logo.png","contentUrl":"https:\/\/www.elpastor.com\/tienda\/wp-content\/uploads\/2020\/08\/quesos-el-pastor-logo.png","width":320,"height":215,"caption":"Quesos El Pastor - Tienda Online"},"image":{"@id":"https:\/\/www.elpastor.com\/tienda\/#\/schema\/logo\/image\/"}}]}},"_links":{"self":[{"href":"https:\/\/www.elpastor.com\/tienda\/wp-json\/wp\/v2\/product\/1143"}],"collection":[{"href":"https:\/\/www.elpastor.com\/tienda\/wp-json\/wp\/v2\/product"}],"about":[{"href":"https:\/\/www.elpastor.com\/tienda\/wp-json\/wp\/v2\/types\/product"}],"version-history":[{"count":2,"href":"https:\/\/www.elpastor.com\/tienda\/wp-json\/wp\/v2\/product\/1143\/revisions"}],"predecessor-version":[{"id":2584,"href":"https:\/\/www.elpastor.com\/tienda\/wp-json\/wp\/v2\/product\/1143\/revisions\/2584"}],"wp:featuredmedia":[{"embeddable":true,"href":"https:\/\/www.elpastor.com\/tienda\/wp-json\/wp\/v2\/media\/2583"}],"wp:attachment":[{"href":"https:\/\/www.elpastor.com\/tienda\/wp-json\/wp\/v2\/media?parent=1143"}],"wp:term":[{"taxonomy":"product_cat","embeddable":true,"href":"https:\/\/www.elpastor.com\/tienda\/wp-json\/wp\/v2\/product_cat?post=1143"},{"taxonomy":"product_tag","embeddable":true,"href":"https:\/\/www.elpastor.com\/tienda\/wp-json\/wp\/v2\/product_tag?post=1143"}],"curies":[{"name":"wp","href":"https:\/\/api.w.org\/{rel}","templated":true}]}}

<p>Ingredientes: LECHE pasteurizada de vaca (80% mín.), mermelada de mango (17% mín), sal, secuestrante: cloruro cálcico, coagulante y FERMENTOS LÁCTICOS. Origen de la leche: España.</p>
<p>Características: color externo blanco homogéneo. Olores afrutados y sabores suaves. Textura cremosa.</p>
<p>&nbsp;</p>

<p>PERLAS DE QUESO RELLENAS DE MANGO.</p>
<p>Maduración: 10 días.</p>
<p>Conservar refrigerado entre +2ºC y +8ºC.</p>
<p>Atemperar 10 minutos antes de su consumo.</p>
<p>&nbsp;</p>
